


{"id":1197,"date":"2022-01-06T22:31:47","date_gmt":"2022-01-06T22:31:47","guid":{"rendered":"https:\/\/www.millardk12.org\/mhs\/?page_id=1197"},"modified":"2025-10-27T08:04:34","modified_gmt":"2025-10-27T15:04:34","slug":"cte-pathways","status":"publish","type":"page","link":"https:\/\/www.millardk12.org\/mhs\/counseling-center\/career-college\/cte-pathways\/","title":{"rendered":"CTE Pathways"},"content":{"rendered":"\n<h1 class=\"wp-block-heading has-text-align-center counseling_header\"><strong>&#8211;<\/strong> <strong><strong>Millard High School\u00a0CTE\u00a0&#8211; <\/strong><\/strong><\/h1>\n\n\n\n<h1 class=\"wp-block-heading has-text-align-center\">Career &amp; Technical Education<strong><strong>\u00a0<\/strong><\/strong><\/h1>\n\n\n\n<h2 class=\"wp-block-heading has-text-align-center\"><strong><a rel=\"noreferrer noopener\" href=\"https:\/\/www.millardk12.org\/dtc\/\" target=\"_blank\"><span class=\"has-inline-color has-orange-color\">&#8211; Millard School District CTE Web Page &#8211; <\/span><\/a><\/strong><\/h2>\n\n\n<div class=\"wp-block-image\">\n<figure class=\"aligncenter size-full is-resized\"><img loading=\"lazy\" decoding=\"async\" width=\"568\" height=\"225\" src=\"https:\/\/www.millardk12.org\/mhs\/wp-content\/uploads\/sites\/2\/2022\/01\/cte-header.png\" alt=\"\" class=\"wp-image-1202\" style=\"aspect-ratio:2.5202952029520294;width:397px;height:auto\" srcset=\"https:\/\/www.millardk12.org\/mhs\/wp-content\/uploads\/sites\/2\/2022\/01\/cte-header.png 568w, https:\/\/www.millardk12.org\/mhs\/wp-content\/uploads\/sites\/2\/2022\/01\/cte-header-300x119.png 300w\" sizes=\"auto, (max-width: 568px) 100vw, 568px\" \/><\/figure>\n<\/div>\n\n\n<figure class=\"wp-block-embed is-type-video is-provider-youtube wp-block-embed-youtube wp-embed-aspect-16-9 wp-has-aspect-ratio\"><div class=\"wp-block-embed__wrapper\">\n<iframe loading=\"lazy\" title=\"CTE 101\" width=\"1050\" height=\"591\" src=\"https:\/\/www.youtube.com\/embed\/nmmYOAUeoUM?feature=oembed\" frameborder=\"0\" allow=\"accelerometer; autoplay; clipboard-write; encrypted-media; gyroscope; picture-in-picture; web-share\" referrerpolicy=\"strict-origin-when-cross-origin\" allowfullscreen><\/iframe>\n<\/div><\/figure>\n\n\n\n<h2 class=\"wp-block-heading has-text-align-center\"><strong>What are CTE Pathways?<\/strong><\/h2>\n\n\n\n<p>CTE Pathways, are programs of study that assure strong academic and technical preparation, providing students with critical learning and hands-on skills. Students who focus on a Pathway acquire the skills necessary for entry into well-paid careers with high potential for rapid financial growth, increased levels of responsibility, and a high degree of personal satisfaction.<\/p>\n\n\n\n<p>CTE Pathways, son programas de estudio que aseguran una s\u00f3lida preparaci\u00f3n acad\u00e9mica y t\u00e9cnica, brindando a los estudiantes un aprendizaje cr\u00edtico y habilidades pr\u00e1cticas. Los estudiantes que se enfocan en un Pathway adquieren las habilidades necesarias para ingresar a carreras bien remuneradas con alto potencial para un r\u00e1pido crecimiento financiero, mayores niveles de responsabilidad y un alto grado de satisfacci\u00f3n personal.<\/p>\n\n\n\n<h2 class=\"wp-block-heading has-text-align-center\"><strong>Why complete a CTE Pathway?<\/strong><\/h2>\n\n\n\n<p>\u2022&nbsp; Earn CTE cords for graduation<\/p>\n\n\n\n<p>\u2022&nbsp;&nbsp;Earn a completer certificate that looks great on resumes and job\/college\/scholarship applications<\/p>\n\n\n\n<p>\u2022&nbsp;Jump-start to your career!<\/p>\n\n\n\n<h2 class=\"wp-block-heading has-text-align-center\"><strong>Interested in Completing a Pathway?<\/strong><\/h2>\n\n\n\n<p>Sign up for required classes at registration! Talk to your school counselor for more&nbsp;information.<\/p>\n\n\n\n<h1 class=\"wp-block-heading has-text-align-center\"><strong>CTE Pathways offered at MHS:<\/strong><\/h1>\n\n\n\n<p><\/p>\n\n\n\n<p><\/p>\n\n\n<a href=\"https:\/\/www.millardk12.org\/mhs\/wp-content\/uploads\/sites\/2\/2022\/04\/MHS-CTE-pathways-2022-2023-updated-4-2022-1.pdf\" class=\"pdfemb-viewer\" style=\"\" data-width=\"max\" data-height=\"max\" data-toolbar=\"bottom\" data-toolbar-fixed=\"off\">MHS-CTE-pathways-2022-2023-updated-4-2022-1<\/a>\n\n\n<h1 class=\"wp-block-heading has-text-align-center\">Through a program with Great Lakes Cheese, MHS students can earn the Snow College <strong>Industrial Mechanics Certificate<\/strong> while in High School &#8211; for FREE<\/h1>\n\n\n\n<p>This certificate is industry recognized.  It opens individuals up for employment in maintaining and repairing a variety of machines and mechanical systems.  Students work with mathematics, blueprint reading, welding, electronics, and computers. Through online and in-person experience, students learn skills needed in today&#8217;s industry.<\/p>\n\n\n\n<p>Students who participate in this program are not be required to work for Great Lakes Cheese after Graduation.&nbsp; Nor are they required to attend Snow College.  The program is open to Seniors during the Spring semester.  Students take only required high school classes and check in with a teacher\/mentor (Mr. Hunter or Mr. Moat) each day for the remainder of their classes to work on the online portion of their college classes while here in school.&nbsp; Students travel to the Snow college (Richfield campus) occasionally to pass off skills. &nbsp;<\/p>\n\n\n\n<p>There are very limited openings for this opportunity.  Talk to Mrs. Bliss if interested in being added to a list of possible candidates.<\/p>\n\n\n<div class=\"wp-block-image\">\n<figure class=\"aligncenter size-full is-resized\"><img loading=\"lazy\" decoding=\"async\" width=\"526\" height=\"680\" src=\"https:\/\/www.millardk12.org\/mhs\/wp-content\/uploads\/sites\/2\/2022\/01\/Industrial-Mechanics-program-through-snow-and-great-lakes-cheese.jpg\" alt=\"\" class=\"wp-image-1596\" style=\"width:720px;height:931px\" srcset=\"https:\/\/www.millardk12.org\/mhs\/wp-content\/uploads\/sites\/2\/2022\/01\/Industrial-Mechanics-program-through-snow-and-great-lakes-cheese.jpg 526w, https:\/\/www.millardk12.org\/mhs\/wp-content\/uploads\/sites\/2\/2022\/01\/Industrial-Mechanics-program-through-snow-and-great-lakes-cheese-232x300.jpg 232w\" sizes=\"auto, (max-width: 526px) 100vw, 526px\" \/><\/figure>\n<\/div>\n\n\n<h2 class=\"wp-block-heading has-text-align-center\"><strong>Course Descriptions:<\/strong><\/h2>\n\n\n<a href=\"https:\/\/www.millardk12.org\/mhs\/wp-content\/uploads\/sites\/2\/2022\/01\/Industrial-Mechanics-Certificate-Course-Descriptions.pdf\" class=\"pdfemb-viewer\" style=\"\" data-width=\"max\" data-height=\"max\" data-toolbar=\"bottom\" data-toolbar-fixed=\"off\">Industrial-Mechanics-Certificate-Course-Descriptions<\/a>\n<p class=\"wp-block-pdfemb-pdf-embedder-viewer\"><\/p>\n\n\n\n<div style=\"height:27px\" aria-hidden=\"true\" class=\"wp-block-spacer\"><\/div>\n\n\n<div class=\"wp-block-image\">\n<figure class=\"aligncenter size-full is-resized\"><a href=\"https:\/\/www.buildersyellow.com\/labor-unions\/utah\/0?fbclid=IwAR23oBW0nc1EPMM-npS8pM5NlXynSm_qaEivBD_s3EynyRQdcaNpPuJlZt8\" target=\"_blank\" rel=\"noopener\"><img loading=\"lazy\" decoding=\"async\" width=\"935\" height=\"935\" src=\"https:\/\/www.millardk12.org\/mhs\/wp-content\/uploads\/sites\/2\/2022\/02\/utahaflciologonewdesign_0.png\" alt=\"\" class=\"wp-image-1865\" style=\"width:446px;height:446px\" srcset=\"https:\/\/www.millardk12.org\/mhs\/wp-content\/uploads\/sites\/2\/2022\/02\/utahaflciologonewdesign_0.png 935w, https:\/\/www.millardk12.org\/mhs\/wp-content\/uploads\/sites\/2\/2022\/02\/utahaflciologonewdesign_0-300x300.png 300w, https:\/\/www.millardk12.org\/mhs\/wp-content\/uploads\/sites\/2\/2022\/02\/utahaflciologonewdesign_0-150x150.png 150w, https:\/\/www.millardk12.org\/mhs\/wp-content\/uploads\/sites\/2\/2022\/02\/utahaflciologonewdesign_0-768x768.png 768w\" sizes=\"auto, (max-width: 935px) 100vw, 935px\" \/><\/a><figcaption class=\"wp-element-caption\">Utah has labor unions for plumbers, electricians, carpenters, brick layers, bakery workers, painters, steelworkers, miners, and more. Many of these unions offer training and apprenticeships for those interested in going straight into the work force.  Labor Union apprenticeships are rivaling college degrees in earnings potential. Economically speaking, college and union apprenticeships have grown into quite an even match for one another. You may want to look into what the labor unions are offering. Click the logo to be taken to a list of labor unions in Utah with a contact number to reach them<\/figcaption><\/figure>\n<\/div>","protected":false},"excerpt":{"rendered":"<p>&#8211; Millard High School\u00a0CTE\u00a0&#8211; Career &amp; Technical Education\u00a0 &#8211; Millard School District CTE Web Page &#8211; What are CTE Pathways? CTE Pathways, are programs of study that assure strong academic and technical preparation, providing students with critical learning and hands-on skills. Students who focus on a Pathway acquire the skills necessary for entry into well-paid [&hellip;]<\/p>\n","protected":false},"author":48,"featured_media":0,"parent":3331,"menu_order":0,"comment_status":"closed","ping_status":"closed","template":"","meta":{"footnotes":""},"class_list":["post-1197","page","type-page","status-publish","hentry"],"_links":{"self":[{"href":"https:\/\/www.millardk12.org\/mhs\/wp-json\/wp\/v2\/pages\/1197","targetHints":{"allow":["GET"]}}],"collection":[{"href":"https:\/\/www.millardk12.org\/mhs\/wp-json\/wp\/v2\/pages"}],"about":[{"href":"https:\/\/www.millardk12.org\/mhs\/wp-json\/wp\/v2\/types\/page"}],"author":[{"embeddable":true,"href":"https:\/\/www.millardk12.org\/mhs\/wp-json\/wp\/v2\/users\/48"}],"replies":[{"embeddable":true,"href":"https:\/\/www.millardk12.org\/mhs\/wp-json\/wp\/v2\/comments?post=1197"}],"version-history":[{"count":30,"href":"https:\/\/www.millardk12.org\/mhs\/wp-json\/wp\/v2\/pages\/1197\/revisions"}],"predecessor-version":[{"id":3829,"href":"https:\/\/www.millardk12.org\/mhs\/wp-json\/wp\/v2\/pages\/1197\/revisions\/3829"}],"up":[{"embeddable":true,"href":"https:\/\/www.millardk12.org\/mhs\/wp-json\/wp\/v2\/pages\/3331"}],"wp:attachment":[{"href":"https:\/\/www.millardk12.org\/mhs\/wp-json\/wp\/v2\/media?parent=1197"}],"curies":[{"name":"wp","href":"https:\/\/api.w.org\/{rel}","templated":true}]}}