


{"id":1293,"date":"2022-01-11T00:52:40","date_gmt":"2022-01-11T00:52:40","guid":{"rendered":"https:\/\/www.millardk12.org\/mhs\/?page_id=1293"},"modified":"2025-09-22T10:01:06","modified_gmt":"2025-09-22T17:01:06","slug":"credit-recovery","status":"publish","type":"page","link":"https:\/\/www.millardk12.org\/mhs\/counseling-center\/credit-recovery\/","title":{"rendered":"Credit Recovery"},"content":{"rendered":"\n<h1 class=\"wp-block-heading has-text-align-center counseling_header\"><strong>Credit Recovery<\/strong><\/h1>\n\n\n\n<figure class=\"wp-block-image size-full is-resized\"><img loading=\"lazy\" decoding=\"async\" width=\"629\" height=\"267\" src=\"https:\/\/www.millardk12.org\/mhs\/wp-content\/uploads\/sites\/2\/2022\/01\/Tiered-Interventions-for-Credit-Recovery-only.jpg\" alt=\"\" class=\"wp-image-1294\" style=\"width:1033px;height:438px\" srcset=\"https:\/\/www.millardk12.org\/mhs\/wp-content\/uploads\/sites\/2\/2022\/01\/Tiered-Interventions-for-Credit-Recovery-only.jpg 629w, https:\/\/www.millardk12.org\/mhs\/wp-content\/uploads\/sites\/2\/2022\/01\/Tiered-Interventions-for-Credit-Recovery-only-300x127.jpg 300w\" sizes=\"auto, (max-width: 629px) 100vw, 629px\" \/><\/figure>\n\n\n\n<div class=\"wp-block-columns is-layout-flex wp-container-core-columns-is-layout-9d6595d7 wp-block-columns-is-layout-flex\">\n<div class=\"wp-block-column is-layout-flow wp-block-column-is-layout-flow\" style=\"flex-basis:33.33%\"><div class=\"wp-block-image\">\n<figure class=\"aligncenter size-full is-resized\"><a href=\"https:\/\/portal.imaginelearning.com\/\"><img loading=\"lazy\" decoding=\"async\" width=\"185\" height=\"191\" src=\"https:\/\/www.millardk12.org\/mhs\/wp-content\/uploads\/sites\/2\/2025\/09\/Edgenuity-1.jpg\" alt=\"\" class=\"wp-image-3309\" style=\"width:115px;height:auto\"\/><\/a><figcaption class=\"wp-element-caption\">Click on logo<\/figcaption><\/figure>\n<\/div><\/div>\n\n\n\n<div class=\"wp-block-column is-vertically-aligned-center is-layout-flow wp-block-column-is-layout-flow\" style=\"flex-basis:66.66%\">\n<h3 class=\"wp-block-heading\">Edgenuity &#8211; Millard School District&#8217;s online credit recovery platform.<\/h3>\n<\/div>\n<\/div>\n\n\n\n<p>Earn make-up credit through Millard High School&#8217;s online Edgenuity program. Students will be placed into Edgenuity to recover their failed credits. A welcome email will be sent with instructions on how to get into their account. Parents also receive instructions in the same email on how to track their students&#8217; progress. For questions regarding access to Edgenuity online classes or to set up test proctoring for Edgenuity classes, contact Bethany Labrum at 743-2020 or <a href=\"https:\/\/www.millardk12.org\/mhs\/contact-us\/?wpf3545_1=Bethany%20Labrum\">email<\/a>.<\/p>\n\n\n\n<p>Gana cr\u00e9ditos de recuperaci\u00f3n a trav\u00e9s del programa en l\u00ednea Edgenuity de Millard High School. Los estudiantes ser\u00e1n colocados en Edgenuity para recuperar sus cr\u00e9ditos fallidos. Se enviar\u00e1 un correo electr\u00f3nico de bienvenida con instrucciones sobre c\u00f3mo acceder a su cuenta. Los padres tambi\u00e9n recibir\u00e1n instrucciones en el mismo correo electr\u00f3nico sobre c\u00f3mo rastrear el progreso de sus estudiantes. Para preguntas sobre el acceso a las clases en l\u00ednea de Edgenuity o para configurar la supervisi\u00f3n de ex\u00e1menes para las clases de Edgenuity, comun\u00edquese con Bethany Labrum al 743-2020 o <a href=\"https:\/\/www.millardk12.org\/mhs\/contact-us\/?wpf3545_1=Bethany%20Labrum\">env\u00ede un correo electr\u00f3nico<\/a>.<\/p>\n\n\n<a href=\"https:\/\/www.millardk12.org\/mhs\/wp-content\/uploads\/sites\/2\/2022\/01\/online-learning-tips-and-tricks.pdf\" class=\"pdfemb-viewer\" style=\"\" data-width=\"max\" data-height=\"max\" data-toolbar=\"bottom\" data-toolbar-fixed=\"off\">online-learning-tips-and-tricks<\/a>\n<p class=\"wp-block-pdfemb-pdf-embedder-viewer\"><\/p>\n","protected":false},"excerpt":{"rendered":"<p>Credit Recovery Edgenuity &#8211; Millard School District&#8217;s online credit recovery platform. Earn make-up credit through Millard High School&#8217;s online Edgenuity program. Students will be placed into Edgenuity to recover their failed credits. A welcome email will be sent with instructions on how to get into their account. Parents also receive instructions in the same email [&hellip;]<\/p>\n","protected":false},"author":48,"featured_media":0,"parent":505,"menu_order":0,"comment_status":"closed","ping_status":"closed","template":"","meta":{"footnotes":""},"class_list":["post-1293","page","type-page","status-publish","hentry"],"_links":{"self":[{"href":"https:\/\/www.millardk12.org\/mhs\/wp-json\/wp\/v2\/pages\/1293","targetHints":{"allow":["GET"]}}],"collection":[{"href":"https:\/\/www.millardk12.org\/mhs\/wp-json\/wp\/v2\/pages"}],"about":[{"href":"https:\/\/www.millardk12.org\/mhs\/wp-json\/wp\/v2\/types\/page"}],"author":[{"embeddable":true,"href":"https:\/\/www.millardk12.org\/mhs\/wp-json\/wp\/v2\/users\/48"}],"replies":[{"embeddable":true,"href":"https:\/\/www.millardk12.org\/mhs\/wp-json\/wp\/v2\/comments?post=1293"}],"version-history":[{"count":17,"href":"https:\/\/www.millardk12.org\/mhs\/wp-json\/wp\/v2\/pages\/1293\/revisions"}],"predecessor-version":[{"id":3674,"href":"https:\/\/www.millardk12.org\/mhs\/wp-json\/wp\/v2\/pages\/1293\/revisions\/3674"}],"up":[{"embeddable":true,"href":"https:\/\/www.millardk12.org\/mhs\/wp-json\/wp\/v2\/pages\/505"}],"wp:attachment":[{"href":"https:\/\/www.millardk12.org\/mhs\/wp-json\/wp\/v2\/media?parent=1293"}],"curies":[{"name":"wp","href":"https:\/\/api.w.org\/{rel}","templated":true}]}}